t common divisor of 10 and 8589245?
5
What is the greatest common factor of 8 and 18810248?
8
What is the greatest common divisor of 2021 and 13288075?
2021
Calculate the greatest common factor of 1353 and 17263911.
123
Calculate the highest common factor of 2048 and 1198016.
64
What is the highest common factor of 1187 and 32335067?
1187
Calculate the highest common divisor of 670746 and 162.
6
Calculate the highest common factor of 52358 and 112142.
94
What is the greatest common factor of 409041 and 2397?
141
What is the greatest common divisor of 29592 and 2932211?
137
Calculate the highest common divisor of 19366531 and 2104.
263
Calculate the greatest common factor of 277311956 and 85.
17
What is the highest common factor of 14812 and 458612?
28
What is the highest common factor of 28980328 and 7670?
1534
Calculate the greatest common factor of 11638 and 3078780.
1058
Calculate the greatest common factor of 689300 and 678.
226
What is the highest common factor of 966 and 10420886?
322
Calculate the greatest common factor of 304 and 93731408.
304
Calculate the highest common factor of 1797015 and 255.
15
What is the greatest common factor of 129140 and 21940?
20
What is the greatest common divisor of 26493696 and 36?
36
Calculate the highest common factor of 287736 and 172776.
24
Calculate the highest common factor of 128263083 and 117.
39
Calculate the greatest common factor of 37987935 and 480.
15
Calculate the greatest common divisor of 117 and 22358664.
9
What is the greatest common divisor of 665 and 42932001?
133
Calculate the highest common divisor of 35513 and 3842.
17
What is the greatest common divisor of 2590512 and 10208?
464
What is the greatest common factor of 2883421 and 168112?
1501
Calculate the highest common divisor of 224176608 and 54.
18
Calculate the greatest common divisor of 1394081 and 158652.
1469
What is the highest common divisor of 38781 and 5091570?
1251
Calculate the highest common divisor of 21 and 25998056.
7
Calculate the highest common factor of 588 and 3281736.
12
What is the highest common factor of 1503 and 1710216?
9
What is the greatest common divisor of 4743 and 47165973?
1581
What is the greatest common divisor of 6064305 and 195?
195
Calculate the greatest common divisor of 1072 and 934516.
268
Calculate the highest common divisor of 214757 and 22713569.
2413
What is the greatest common factor of 2123235 and 783?
261
What is the highest common divisor of 2608 and 2171152?
16
What is the greatest common divisor of 237973389 and 246?
123
What is the highest common factor of 148 and 756149908?
148
Calculate the greatest common divisor of 10461 and 171072.
33
What is the greatest common factor of 1160 and 143648?
8
Calculate the greatest common divisor of 5995 and 46325.
545
What is the highest common divisor of 332 and 10043?
83
Calculate the highest common divisor of 161056079 and 1819.
1819
Calculate the greatest common divisor of 4424 and 148008.
56
Calculate the highest common factor of 126 and 192934.
14
Calculate the highest common divisor of 1385 and 328799.
277
Calculate the highest common divisor of 58580 and 4074239.
2929
What is the greatest common factor of 371918578 and 304?
38
Calculate the greatest common factor of 637 and 61140730.
49
What is the highest common factor of 7480 and 28407170?
1870
Calculate the highest common divisor of 1133 and 313735631.
1133
Calculate the highest common factor of 297099309 and 39.
39
Calculate the highest common divisor of 886407 and 4503.
57
What is the greatest common divisor of 828 and 70369857?
207
Calculate the greatest common divisor of 390 and 832590.
30
What is the highest common divisor of 19434 and 9493746?
474
Calculate the highest common factor of 31114 and 515402.
94
What is the greatest common factor of 44160 and 4?
4
What is the greatest common divisor of 6750 and 2575665?
135
Calculate the highest common factor of 390628 and 16.
4
What is the greatest common factor of 19397 and 20151201?
1141
Calculate the highest common factor of 539043362 and 572.
286
Calculate the highest common factor of 13 and 743287.
1
What is the greatest common factor of 4660860 and 480?
60
What is the highest common divisor of 10197531 and 27840?
87
What is the greatest common factor of 51997 and 75545?
29
What is the highest common factor of 1470898654 and 251?
251
What is the highest common divisor of 353499957 and 81?
81
What is the highest common factor of 33859252 and 3396?
1132
Calculate the greatest common factor of 81217 and 10447.
337
Calculate the greatest common divisor of 419554 and 221594.
202
Calculate the highest common factor of 119581644 and 3588.
156
What is the greatest common factor of 2424873 and 52593?
1119
What is the greatest common divisor of 157084 and 8131?
173
Calculate the highest common factor of 92 and 45231892.
92
What is the highest common factor of 116467 and 58650527?
3757
What is the highest common divisor of 35432628 and 3472?
868
What is the greatest common divisor of 43 and 361892558?
43
Calculate the greatest common divisor of 1508069166 and 4014.
1338
What is the greatest common divisor of 12 and 4828318440?
12
Calculate the highest common factor of 3 and 5797037.
1
Calculate the greatest common factor of 60 and 50428710.
30
What is the highest common divisor of 30500 and 342454?
122
What is the greatest common factor of 819804815 and 1234?
617
What is the highest common divisor of 295 and 78119540?
295
What is the greatest common divisor of 10517995 and 1809?
67
What is the highest common factor of 1107249 and 3393?
1131
What is the highest common divisor of 340 and 30859692?
68
What is the highest common factor of 42687 and 101711?
527
What is the greatest common divisor of 836 and 531212?
44
Calculate the highest common factor of 1437675 and 22474.
661
What is the greatest common factor of 1911 and 3535203?
147
What is the greatest common divisor of 402226156 and 8?
4
What is the highest common divisor of 20480 and 1702912?
1024
Calculate the highest common divisor of 23 and 18919547.
23
What is the greatest common divisor of 59150 and 87650?
50
What is the highest common factor of 708050 and 25670?
170
What is the greatest common divisor of 8745 and 17300525?
2915
Calculate the highest common divisor of 1800 and 61392312.
72
Calculate the greatest common divisor of 4753199 and 3751.
341
Calculate the highest common factor of 3675299228 and 508.
508
Calculate the highest common divisor of 7456950 and 134685.
3285
Calculate the highest common factor of 10710 and 385.
35
Calculate the greatest common factor of 39793875 and 20625.
4125
What is the highest common factor of 5 and 9830010?
5
Calculate the greatest common factor of 10 and 23862975.
5
What is the highest common factor of 11047793 and 74?
37
Calculate the greatest common factor of 228270 and 630735.
105
Calculate the highest common divisor of 458091024 and 3771.
1257
Calculate the greatest common divisor of 41 and 372697831.
41
What is the highest common divisor of 41103 and 548008031?
4567
What is the greatest common factor of 76290 and 187245?
15
What is the greatest common factor of 7400666 and 36260?
3626
What is the highest common divisor of 192 and 860608?
64
Calculate the highest common divisor of 409635 and 8973.
9
What is the greatest common factor of 50072 and 2387968?
88
What is the greatest common divisor of 5368 and 26150608?
88
What is the highest common divisor of 915392905 and 14770?
7385
What is the greatest common divisor of 1302 and 33732006?
42
What is the greatest common factor of 125271 and 1567980?
279
Calculate the highest common divisor of 99 and 16758049.
11
What is the greatest common factor of 641598 and 1098?
366
What is the greatest common factor of 85 and 944120?
5
What is the greatest common divisor of 187580 and 13975540?
1660
What is the greatest common divisor of 108 and 85080078?
54
Calculate the greatest common factor of 182250 and 37494.
18
Calculate the highest common divisor of 11300 and 26000.
100
What is the highest common factor of 1110948 and 112488?
516
Calculate the highest common divisor of 8313840 and 288.
144
Calculate the greatest common divisor of 548 and 95365289.
137
Calculate the highest common divi